e 5, what is 10101 + 14130?
24231
In base 11, what is -3861 - -1?
-3860
In base 3, what is -111110212012 - -2?
-111110212010
In base 8, what is 223442 + -5?
223435
In base 8, what is 13425 - -23?
13450
In base 5, what is 431331 - 2?
431324
In base 5, what is -123 + 204222?
204044
In base 10, what is 2993 - -8?
3001
In base 6, what is 331203 - -20?
331223
In base 13, what is -70 + -18?
-88
In base 15, what is 5 - -15084?
15089
In base 10, what is -5 + -4609?
-4614
In base 16, what is 338 - -10?
348
In base 13, what is c - -164?
173
In base 9, what is -60 - -6867?
6807
In base 6, what is 505401 - 222?
505135
In base 5, what is 10 - -211311?
211321
In base 2, what is 101100 + 1011111?
10001011
In base 12, what is 5 - 1584?
-157b
In base 9, what is 52 + -201?
-138
In base 4, what is 322 - -11210?
12132
In base 3, what is -1102 + 2001001?
1222122
In base 10, what is 13318 - 6?
13312
In base 7, what is -25 - 522?
-550
In base 14, what is 98779 - a?
9876d
In base 5, what is -11131 + 112?
-11014
In base 3, what is 10002 - -1010000?
1020002
In base 5, what is -44424 - 211?
-100140
In base 4, what is -12 + 1302301130?
1302301112
In base 5, what is -10 - 1332140?
-1332200
In base 12, what is 17b + -641?
-482
In base 16, what is 1b59 - 14?
1b45
In base 14, what is 1d6b6 - -2?
1d6b8
In base 9, what is 12506 - -5?
12512
In base 9, what is -130388 - -6?
-130382
In base 12, what is 1573 + a04?
2377
In base 3, what is 20022000 + -20102?
20001121
In base 10, what is 5 + -17589?
-17584
In base 2, what is -100000011 - -100?
-11111111
In base 11, what is 79 + 314?
392
In base 16, what is -1a502 - -d?
-1a4f5
In base 7, what is 63 + 1165?
1261
In base 5, what is 1231011 - 40?
1230421
In base 9, what is 1465482 - -5?
1465487
In base 12, what is 56a - -2?
570
In base 4, what is 1231 - 1203233?
-1202002
In base 14, what is 5 - 120572?
-12056b
In base 8, what is -54512 - 24?
-54536
In base 13, what is -26b - -79?
-1c2
In base 8, what is 40725 + 36?
40763
In base 11, what is -40534 - -3?
-40531
In base 11, what is 0 + -30148?
-30148
In base 10, what is 162 - 333?
-171
In base 8, what is -5 - -4726206?
4726201
In base 2, what is 110 + -10001010000011?
-10001001111101
In base 4, what is -2 + -12123331?
-12123333
In base 8, what is 164704 + 3?
164707
In base 16, what is 15 + -1016?
-1001
In base 4, what is -11 + -1112320330?
-1112321001
In base 7, what is -1415602 + 20?
-1415552
In base 5, what is -3 + 11411341?
11411333
In base 6, what is 1135 - 1513?
-334
In base 11, what is 8 - -21069?
21076
In base 3, what is -10011 + -101200?
-111211
In base 11, what is -9088 + -24?
-9101
In base 16, what is -52 - -e19?
dc7
In base 3, what is -12010001 - 110?
-12010111
In base 12, what is -32a + -87?
-3b5
In base 11, what is -3 - -1193a?
11937
In base 11, what is -27 - 147?
-173
In base 10, what is 5 + 55430?
55435
In base 2, what is 1110011111 + -100101100?
1001110011
In base 4, what is 203 - 1103300?
-1103031
In base 15, what is -67a - -25?
-655
In base 13, what is -13492 + 89?
-13406
In base 14, what is -3 + -7a8b6?
-7a8b9
In base 8, what is -42637 + -1023?
-43662
In base 13, what is -6bc15 + 5?
-6bc10
In base 8, what is -7527 - -123?
-7404
In base 13, what is -18656a4 - -2?
-18656a2
In base 16, what is -434 + -e5?
-519
In base 8, what is 1134110 - 2?
1134106
In base 11, what is 3 + 62081?
62084
In base 2, what is -1010001101101 + 10000000?
-1001111101101
In base 4, what is 3322220 - -3?
3322223
In base 2, what is 100100111 - -10001?
100111000
In base 11, what is 16 - a38?
-a22
In base 7, what is 20216 - -10?
20226
In base 14, what is -2 - -c56?
c54
In base 2, what is -110000111100000011 + 110?
-110000111011111101
In base 14, what is 237 + -59?
1bc
In base 16, what is -5 + 2bc85?
2bc80
In base 6, what is -43414324 - -3?
-43414321
In base 10, what is 5 - 15412?
-15407
In base 9, what is -1751 + 210?
-1541
In base 13, what is 787a1 - 0?
787a1
In base 15, what is -3c94a + -2?
-3c94c
In base 5, what is 1 + -1202400?
-1202344
In base 3, what is -100221 + -1212122?
-2020120
In base 4, what is 313200 + -133?
313001
In base 14, what is 291 - 97?
1d8
In base 8, what is 2005757 - 4?
2005753
In base 8, what is -127 - -571?
442
In base 10, what is 1 - -200254?
200255
In base 15, what is -ab4 - 3?
-ab7
In base 12, what is -7ab45 - 0?
-7ab45
In base 5, what is 12 + 12232?
12244
In base 10, what is -366 + -313?
-679
In base 13, what is 5 - -4916?
491b
In base 12, what is -46b01 + 1?
-46b00
In base 7, what is -111523 + -2?
-111525
In base 6, what is 2303205 + 5?
2303214
In base 15, what is 72c - a?
722
In base 11, what is 850 + 3?
853
In base 8, what is 1 - -4022202?
4022203
In base 9, what is -17500 - -6?
-17483
In base 15, what is -2 + 4b3de?
4b3dc
In base 10, what is 11 + 33123?
33134
In base 14, what is -2028d + 3?
-2028a
In base 4, what is 113100303 - 12?
113100231
In base 8, what is -61 + -1056?
-1137
In base 16, what is e30db - -4?
e30df
In base 6, what is -5 - 10414?
-10423
In base 10, what is -79289 - 4?
-79293
In base 13, what is 21b12 + -9?
21b06
In base 14, what is 2 + 38a?
38c
In base 4, what is 3 + 300001022?
300001031
In base 3, what is -2001221 + 102122?
-1122022
In base 6, what is 3 - -31530022?
31530025
In base 9, what is 5023676 - -1?
5023677
In base 12, what is -24882 - 0?
-24882
In base 15, what is -17ee0 + -4?
-17ee4
In base 3, what is -101 - 21220?
-22021
In base 4, what is 300201012 - -10?
300201022
In base 5, what is -2 + -203040330?
-203040332
In base 10, what is -409 + 111?
-298
In base 2, what is -101 + -1100010100101?
-1100010101010
In base 14, what is -93d - -65?
-8b8
In base 10, what is 8854 - 2?
8852
In base 7, what is 240320 + 1?
240321
In base 10, what is -5967 - 10?
-5977
In base 3, what is -2 + -1110212200?
-1110212202
In base 8, what is -122742 - -23?
-122717
In base 10, what is 11417 - -4?
11421
In base 10, what is -109 - 217?
-326
In base 8, what is -52676 + -24?
-52722
In base 7, what is -46446 - -2?
-46444
In base 8, what is -16650 - 57?
-16727
In base 2, what is -10110 - -10100111011000010?
10100111010101100
In base 6, what is 3 - -242401?
242404
In base 16, what is -8881 + -1?
-8882
In base 2, what is -101011 + 10101110001101?
10101101100010
In base 15, what is 21 - 1294?
-1273
In base 15, what is -1292 - -5?
-128c
In base 14, what is 4049 - -17?
4062
In base 2, what is -11001 - 111100101?
-111111110
In base 4, what is -20103 - 33200?
-113303
In base 6, what is -34541002 - 0?
-34541002
In base 10, what is -105 - 17739?
-17844
In base 6, what is -130 - -4302?
4132
In base 8, what is -372 - 61?
-453
In base 12, what is -6a92b2 - -1?
-6a92b1
In base 7, what is 16561 - 254?
16304
In base 15, what is -1 + -12890?
-12891
In base 15, what is -c4 - 359?
-42d
In base 16, what is 1f2d + -5?
1f28
In base 3, what is 22011 + 100010?
122021
In base 14, what is -9 + -6b?
-76
In base 10, what is 119 + -632?
-513
In base 11, what is 2615a9 - 15?
261594
In base 10, what is -103 - -2340?
2237
In base 14, what is 1caa0 - 2?
1ca9c
In base 7, what is -642 - -36?
-603
In base 14, what is -21c5 + -44?
-2229
In base 15, what is -a + -261d?
-2628
In base 2, what is -10000110110000 + -11100100?
-10001010010100
In base 12, what is 339557 + 3?
33955a
In base 16, what is -5 + -763b5?
-763ba
In base 4, what is 10 + 2330030?
2330100
In base 15, what is 1a8 - 112d?
-e75
In base 12, what is -31 - 125a?
-128b
In base 14, what is ac3 + -48?
a79
In base 16, what is -aa + 42?
-68
In base 10, what is 0 - 44052?
-44052
In base 2, what is 110110 + -111110110011?
-111101111101
In base 13, what is -282b + -5c3?
-3121
In base 6, what is -1 - -531324?
531323
In base 13, what is -121 + 21ba?
2099
In base 6, what is -10 - -1230305?
1230255
In base 7, what is 53020 + 21?
53041
In base 13, what is -2 + 950b?
9509
In base 9, what is -16551 + 15?
-16535
In base 4, what is -10 - -300122?
300112
In base 5, what is 2 - 11400?
-11343
In base 10, what is 530 - 3677?
-3147
In base 10, what is -459 - 1677?
-2136
In base 9, what is -71688 + 20?
-71668
In base 15, what is 60 - 77b?
-71b
In base 3, what is -21011211 - 0?
-21011211
In base 9, what is -5535 + -108?
-5644
In base 2, what is -110001111001001 - -11000?
-110001110110001
In base 9, what is 0 - -2606670?
2606670
In base 16, what is -45 - e2?
-127
In ba